ppose 4*v - 6*v + 5*f = -p, 4*v - 4*f = 8. List the prime factors of v.
3
Suppose 0*l = -l - 8. Let r = 10 + l. List the prime factors of r.
2
Suppose -2*a + 42 + 62 = -m, -2*a + 104 = -4*m. List the prime factors of a.
2, 13
Let j(u) = u**2 - 2*u + 1. Let c be j(3). Suppose 3*g - 23 = -3*b + 2*b, -c*b + 2*g = -106. List the prime factors of b.
2, 13
Suppose -3*n + 1 = -2*m - 0*m, -2*n + 5 = 3*m. Let v be 1/((-2)/(-8)) - n. Let d = 5 - v. List the prime factors of d.
2
Suppose -198 = -4*w - 2*w. List the prime factors of w.
3, 11
Suppose -4*t = -0*t - 768. Suppose -2*h + t + 24 = 0. List the prime factors of h/14 + 6/21.
2
List the prime factors of 0/(-11) - (0 + -77 - 2).
79
Suppose 5*m + 147 + 483 = 0. Let y be m/8 + (-4)/16. Let f = y + 33. List the prime factors of f.
17
Let r be (3/6)/(2/(-4)). Let a be (0 - r)*2/1. Suppose 3*j - 12 = -v - 2*v, -a*v + 12 = j. What are the prime factors of v?
2
Suppose 5*p - 4*p - 6 = -2*c, 3*p = 4*c - 12. Suppose -4*w + 28 = -0*w + 2*z, p = 2*w - z - 22. List the prime factors of w.
3
Suppose -j + 0 = -5. Suppose 0 = 3*r + w - 5*w + 16, 3*w - 12 = -3*r. Suppose 4*h - j*s - 35 = 0, -h + 8 = -s - r. What are the prime factors of h?
5
Let d = 5 + 0. Let r be ((-2)/(-3))/((-4)/(-6)). Suppose d + r = t. List the prime factors of t.
2, 3
Let o(n) = n**2 + 5*n + 4. Let a be o(-4). Let j = a - -5. What are the prime factors of j?
5
Let d = -11 + 33. Suppose -3*x + d = -5. What are the prime factors of x?
3
Suppose -2*u - 3*w + 7 = 2, -3*u + 4*w - 1 = 0. Let f be 1/(u/12*-2). What are the prime factors of (f/9)/(4/(-54))?
3
What are the prime factors of (-610)/(-14) - 8/14?
43
Suppose -2*s = -0*s + 2*l, 2*s + 5*l + 3 = 0. Let u = -3 + 1. List the prime factors of u - (-1)/(s/9).
7
Suppose -74 = -2*d + 5*s + 3, 5*d = -4*s + 176. List the prime factors of d.
2, 3
Let m be 46/14 + 4/(-14). What are the prime factors of 6/4*14/m?
7
Let l be -1 + -1 + 74 + 0. Suppose -4*r = -0*r + l. Let q = r - -25. What are the prime factors of q?
7
Let q = -10 + 44. What are the prime factors of q?
2, 17
Let f(p) = p**2 + 10*p + 6. Let q be f(-10). Let y be (-1 + -1)*q/(-4). Suppose -26 = m - y*m - w, m - 10 = w. List the prime factors of m.
2, 3
Suppose -3*v - 5 = 1. Let b be 1 + 0 + v + 2. List the prime factors of 3/(1 + 1 - b).
3
Let f(y) = -13*y - 2. What are the prime factors of f(-1)?
11
Let f = 21 - 9. Let x(z) = -z**2 - 6*z + 7. Let v be x(-7). Let w = v + f. List the prime factors of w.
2, 3
Let u be 7 + 3 - 3 - 2. Suppose 3*t = 2*q - 0 - 51, -u*q + 2*t = -122. List the prime factors of q.
2, 3
Let g be (6/10)/((-7)/(-70)). Suppose 114 = 3*f + g. What are the prime factors of f?
2, 3
Let x = -94 + 165. What are the prime factors of x?
71
Suppose 0 = -5*z - 2*n + 26, 3*z + 2*n = 15 + 3. Suppose -2*d + v = -3*v - 2, 0 = -z*d + 2*v - 8. List the prime factors of 2/d + 32/3.
2, 5
Suppose -31 = 6*u - 91. List the prime factors of u.
2, 5
Suppose 0 = -2*l - 0*l. Suppose 5*d = -l*r + r - 24, -5*r + 150 = 5*d. List the prime factors of r.
29
Suppose 2*p = p - 10. Let u = -7 - -1. Let z = u - p. List the prime factors of z.
2
Suppose 0*i = 3*v + 4*i - 23, -v + 4*i - 19 = 0. Let b be -1 + (-3 - (-12)/v). Let m(r) = -r**3 + 8*r**2 + r - 4. List the prime factors of m(b).
2
Let o(p) be the first derivative of -p**4/4 + 3*p**3 + p**2 + 12*p - 5. List the prime factors of o(9).
2, 3, 5
Let b(l) = l + 21. Let i be b(0). What are the prime factors of 2*15 + i/(-7)?
3
Let k(z) = -z**2 + 23*z + 88. What are the prime factors of k(21)?
2, 5, 13
Suppose 4*h - 8*h = -196. What are the prime factors of h?
7
Let p be 1/(-1)*(0 - 1). Let y(z) = 29*z + 1. Let g be y(p). Let q = g - 14. What are the prime factors of q?
2
List the prime factors of (-60)/(-9 + -1) + 2 + 1.
3
Let w(u) = -u**3 - 6*u**2 + 4*u - 1. List the prime factors of w(-7).
2, 5
Let g = 1 - -15. What are the prime factors of g?
2
List the prime factors of (-180)/16*(-4)/1.
3, 5
Let p(l) = l**2 + 2*l - 3. Let k be p(-4). Let o = -3 + k. List the prime factors of o.
2
Suppose 2*n + 8 = -4. What are the prime factors of 10/n*(1 + -16)?
5
Let f = 46 - 12. List the prime factors of f.
2, 17
Let a(b) = -26*b + 6. List the prime factors of a(-4).
2, 5, 11
Let a(g) = -2*g - 9. Let j be a(-6). Suppose 4*p = -20, -66 = -4*v + p - j*p. What are the prime factors of v?
19
Suppose 2*o + 0*o + 27 = -3*y, 0 = 2*o - 3*y - 3. Let x(v) = v**3 + 6*v**2 - 2*v + 2. What are the prime factors of x(o)?
2, 7
Suppose 5*v - v = 12. Suppose f - 5*p - 11 = 12, -v*f + p = -13. Let n(q) = 2*q**2 - q - 4. What are the prime factors of n(f)?
11
Let f = -6 - -26. List the prime factors of f.
2, 5
Let t(j) = -3*j - 1. Suppose -3*p - 5 = 2*p. What are the prime factors of t(p)?
2
Suppose -42 = -2*d + 360. What are the prime factors of d?
3, 67
Let z be ((-254)/(-3))/(2/3). Suppose -6*r - 5*a = -11*r + 185, 3*r = -a + z. What are the prime factors of r?
41
Suppose 2*a + 5*q = -32, 0 = 4*a + 2*q + 11 + 21. Let p = 11 + a. List the prime factors of p.
5
Suppose -s = 1 - 2. Let o be 3*8/12 + -3. Let h = s - o. What are the prime factors of h?
2
Let i = 370 + -259. List the prime factors of i.
3, 37
Suppose 5*j - 3*w - 6 = -0*j, -w + 9 = 2*j. List the prime factors of j.
3
Suppose 0 = -7*r + 2*r + 30. Suppose -3*s = -d - 17 - r, -5*s + 5*d + 25 = 0. What are the prime factors of s?
3
Suppose 0*f = 2*f - 10. Let i be (-4)/10 - (-4)/10. Suppose f*s + 3*v - 36 = i, 3*s + 3*v = -s + 27. What are the prime factors of s?
3
Suppose 4*d - 220 = -0*j - j, -d - j = -58. List the prime factors of d.
2, 3
Let t(a) = -3*a. Let p(i) = i**3 + 2*i**2 - 2*i + 2. Let q be p(-3). Let j be t(q). What are the prime factors of (j + 0 + 1)*3?
2, 3
Let k(z) = -3*z - 5. Let r be k(-2). What are the prime factors of r*30 + (2 - 1)?
31
Let j = -10 + 77. List the prime factors of j.
67
Suppose 0 = -z + 3*z - 28. What are the prime factors of z?
2, 7
Suppose 0 = -3*b - 24 + 159. List the prime factors of b.
3, 5
Let d(x) = -2*x**3 - 3*x**2 + x + 2. Let i be d(-2). Suppose -12 = v - 46. Suppose 5*q - v - 20 = -4*g, i*q = -4*g + 56. List the prime factors of g.
2
Let k = 31 - 12. List the prime factors of k.
19
Suppose 10 = -5*v, -5*d + 166 = -d + 3*v. Let h = 68 - d. What are the prime factors of h?
5
Let a(m) be the first derivative of -m**3/3 + 6*m**2 - 15*m - 1. List the prime factors of a(10).
5
Suppose z + 524 = 5*z. Suppose -3*p = -z + 17. What are the prime factors of p?
2, 19
Suppose -l = -20 + 4. What are the prime factors of l?
2
Suppose -3*x = 43 - 4. Let s = -8 - x. List the prime factors of s.
5
Let l(y) = -8*y**3 - y. Let a be l(-1). Suppose 0 = t + 1 - 18. Let v = t - a. What are the prime factors of v?
2
Let u(y) = 6 + 12*y - 15 + 4. What are the prime factors of u(3)?
31
Let u(y) = 13*y**2 - 1. Let r(n) = n + 5. Let g be r(-4). Let f be u(g). Suppose 0 = -3*k + f + 3. What are the prime factors of k?
5
What are the prime factors of 31/(-11) + 3 - 1208/(-11)?
2, 5, 11
Suppose -2*s + 3*s - 24 = 0. What are the prime factors of s?
2, 3
Let x = -2 - -2. Let l(p) = p - 2. Let j be l(5). Let z = j + x. What are the prime factors of z?
3
Let u(j) = -j**2. Let r(q) = 5*q**2 - 12. Let n(x) = -r(x) - 6*u(x). What are the prime factors of n(0)?
2, 3
List the prime factors of 4/(-12)*3 + 45.
2, 11
List the prime factors of 74 + (3 - (9 - 2)).
2, 5, 7
Let v(m) be the second derivative of -m**3/2 - 5*m**2 + 2*m. Suppose -k + 4*k = -21. What are the prime factors of v(k)?
11
Let l(x) = -x**3 - 3*x**2 - 4*x - 2. Let g be (-3)/6 - (-15)/(-6). Let s be l(g). What are the prime factors of 2/(-4)*s/(-1)?
5
Suppose -42 = 2*p + p - 5*m, 5*p + 54 = 3*m. Suppose 5*u - 91 = 4*i, 0*u = 2*u - 2*i - 38. Let d = p + u. List the prime factors of d.
2, 3
Let v be ((-324)/(-45))/(1/5). Let f = 15 - v. What are the prime factors of 28/f*18/(-4)?
2, 3
Let b(g) = -g + 18. Let n be b(12). What are the prime factors of 64/3 - n/(-9)?
2, 11
Let v(n) = n**3 - 10*n**2 + 19*n + 10. List the prime factors of v(10).
2, 5
Let t be (1 - 3/5)*10. Let a(u) = 4*u**2 - 9*u - 4. What are the prime factors of a(t)?
2, 3
Let x = 358 - 176. List the prime factors of x.
2, 7, 13
Let u(c) = -c**2 + 13*c + 12. Let g be u(12). Let s = 42 - g. What are the prime factors of s?
2, 3
Sup